{"id":136,"date":"2023-09-20T17:00:48","date_gmt":"2023-09-20T16:00:48","guid":{"rendered":"https:\/\/zn.posterpix.de\/?post_type=product&#038;p=136"},"modified":"2025-12-22T12:38:17","modified_gmt":"2025-12-22T11:38:17","slug":"labor-smeik-alu-dibond-60x40cm","status":"publish","type":"product","link":"https:\/\/zamonien.posterpix.de\/index.php\/produkt\/labor-smeik-alu-dibond-60x40cm\/","title":{"rendered":"Labor Smeik, Alu-Dibond 60x40cm"},"content":{"rendered":"","protected":false},"excerpt":{"rendered":"<p>Zeigt die Einrichtung von Phistomefel Smeik&#8217;s Buchstabenlaboratorium. Smeik geh\u00f6rt zu der auf <a href=\"\/index.php\/product-tag\/zamonien\/\">Zamonien<\/a> sehr verbreiteten Art der Haifischmaden. Die Figur stammt aus dem Zamonien-Romanen <a href=\"http:\/\/www.zamonien.de\/buch_graphic_novel.php\" target=\"_blank\" rel=\"noopener\">\u00bbStadt der Tr\u00e4umenden B\u00fccher\u00ab<\/a>. Der Name Phistomefel ist ein Anagramm f\u00fcr Mephistopheles, welches auch gleichzeitig den Charakter dieser Figur beschreibt.<\/p>\n<p>Smeik ist ein Antiquar und ein Buchimist. Buchimisten sind die zamonische Variante der Alchimisten und haben ihren Ursprung in Buchhaim in West-Zamonien. Smeik plante den zamonischen B\u00fcchermarkt zu revolutionieren, aber er\u00a0 f\u00fcrchtet um seine Existenz, falls das geniale Manuskript ver\u00f6ffentlicht wird. Deshalb bet\u00e4ubt Smeik <a href=\"\/index.php\/product-tag\/mythenmetz\/\">Hildegunst von Mythenmetz<\/a> mit einem giftigem Buch und bringt ihn in ein Labyrinth unter seinem Antiquariat. Von dort gelangt Mythenmetz schlie\u00dflich in die <a href=\"\/index.php\/product-tag\/katakomben\/\">Katakomben<\/a> von <a href=\"\/index.php\/product-tag\/buchhaim\/\">Buchhaim<\/a>&#8230;<\/p>\n","protected":false},"featured_media":202,"template":"","meta":[],"product_brand":[],"product_cat":[32],"product_tag":[51,46],"class_list":{"0":"post-136","1":"product","2":"type-product","3":"status-publish","4":"has-post-thumbnail","6":"product_cat-zamonien-alu-dibond","7":"product_tag-haifischmaden","8":"product_tag-labor-smeik","9":"product_shipping_class-bis-90-cm","11":"first","12":"instock","13":"taxable","14":"shipping-taxable","15":"purchasable","16":"product-type-simple"},"_links":{"self":[{"href":"https:\/\/zamonien.posterpix.de\/index.php\/wp-json\/wp\/v2\/product\/136","targetHints":{"allow":["GET"]}}],"collection":[{"href":"https:\/\/zamonien.posterpix.de\/index.php\/wp-json\/wp\/v2\/product"}],"about":[{"href":"https:\/\/zamonien.posterpix.de\/index.php\/wp-json\/wp\/v2\/types\/product"}],"wp:featuredmedia":[{"embeddable":true,"href":"https:\/\/zamonien.posterpix.de\/index.php\/wp-json\/wp\/v2\/media\/202"}],"wp:attachment":[{"href":"https:\/\/zamonien.posterpix.de\/index.php\/wp-json\/wp\/v2\/media?parent=136"}],"wp:term":[{"taxonomy":"product_brand","embeddable":true,"href":"https:\/\/zamonien.posterpix.de\/index.php\/wp-json\/wp\/v2\/product_brand?post=136"},{"taxonomy":"product_cat","embeddable":true,"href":"https:\/\/zamonien.posterpix.de\/index.php\/wp-json\/wp\/v2\/product_cat?post=136"},{"taxonomy":"product_tag","embeddable":true,"href":"https:\/\/zamonien.posterpix.de\/index.php\/wp-json\/wp\/v2\/product_tag?post=136"}],"curies":[{"name":"wp","href":"https:\/\/api.w.org\/{rel}","templated":true}]}}