{"id":11,"date":"2021-07-17T11:32:56","date_gmt":"2021-07-17T11:32:56","guid":{"rendered":"https:\/\/zn.posterpix.de\/index.php\/imprint\/"},"modified":"2025-07-29T08:01:26","modified_gmt":"2025-07-29T07:01:26","slug":"imprint","status":"publish","type":"page","link":"https:\/\/zamonien.posterpix.de\/index.php\/imprint\/","title":{"rendered":"Impressum"},"content":{"rendered":"\n<p>Posterpix GmbH<br>Untere Zahlbacher Str. 60<br>D-55131 Mainz<\/p>\n\n\n\n<p>Telefon:<a href=\"tel:\/\/0049613192660219\" data-type=\"URL\" data-id=\"0049613192660219\"> 0049 6131-926602-19<\/a><br>E-Mail: &nbsp;<a class=\"cryptedmail\" data-name=\"service\" data-domain=\"posterpix\" data-tld=\"de\" onclick=\"window.location.href = 'mailto:' + this.dataset.name + '@' + this.dataset.domain + '.' + this.dataset.tld; return false;\" href=\"#\">service@posterpix.de<\/a> <br>Web: <a rel=\"noreferrer noopener\" href=\"http:\/\/www.posterpix.de\" data-type=\"URL\" data-id=\"www.posterpix.de\" target=\"_blank\">www.posterpix.de<\/a><\/p>\n\n\n\n<p>Gesch\u00e4ftsf\u00fchrer:<br>Daniel K\u00e4rcher<br>Tania-Christine Hansen<\/p>\n\n\n\n<p>Gerichtsbarkeit: Amtsgericht Mainz 90 HRB 5095<br>USt.-IdNr.: DE 269841952<\/p>\n\n\n\n<p>Alle Markennamen, Warenzeichen und eingetragenen Warenzeichen, die auf dieser Website verwendet werden, sind Eigentum Ihrer rechtm\u00e4\u00dfigen Eigent\u00fcmer. Sie dienen hier zur Beschreibung der jeweiligen Produkte oder Dienstleistungen.<\/p>\n\n\n\n<p>Entwicklung: <a rel=\"noreferrer noopener\" href=\"https:\/\/filetime.at\/\" target=\"_blank\">FileTime Web-Design<\/a><\/p>\n\n\n\n<p><\/p>\n","protected":false},"excerpt":{"rendered":"<p>Posterpix GmbHUntere Zahlbacher Str. 60D-55131 Mainz Telefon: 0049 6131-926602-19E-Mail: &nbsp;service@posterpix.de Web: www.posterpix.de Gesch\u00e4ftsf\u00fchrer:Daniel K\u00e4rcherTania-Christine Hansen Gerichtsbarkeit: Amtsgericht Mainz 90 HRB 5095USt.-IdNr.: DE 269841952 Alle Markennamen, Warenzeichen und eingetragenen Warenzeichen, die auf dieser Website verwendet werden, sind Eigentum Ihrer rechtm\u00e4\u00dfigen Eigent\u00fcmer. Sie dienen hier zur Beschreibung der jeweiligen Produkte oder Dienstleistungen. Entwicklung: FileTime Web-Design<\/p>\n","protected":false},"author":1,"featured_media":0,"parent":0,"menu_order":0,"comment_status":"closed","ping_status":"closed","template":"Reduced-Content-Width.php","meta":{"footnotes":""},"class_list":["post-11","page","type-page","status-publish","hentry"],"_links":{"self":[{"href":"https:\/\/zamonien.posterpix.de\/index.php\/wp-json\/wp\/v2\/pages\/11","targetHints":{"allow":["GET"]}}],"collection":[{"href":"https:\/\/zamonien.posterpix.de\/index.php\/wp-json\/wp\/v2\/pages"}],"about":[{"href":"https:\/\/zamonien.posterpix.de\/index.php\/wp-json\/wp\/v2\/types\/page"}],"author":[{"embeddable":true,"href":"https:\/\/zamonien.posterpix.de\/index.php\/wp-json\/wp\/v2\/users\/1"}],"replies":[{"embeddable":true,"href":"https:\/\/zamonien.posterpix.de\/index.php\/wp-json\/wp\/v2\/comments?post=11"}],"version-history":[{"count":19,"href":"https:\/\/zamonien.posterpix.de\/index.php\/wp-json\/wp\/v2\/pages\/11\/revisions"}],"predecessor-version":[{"id":1549,"href":"https:\/\/zamonien.posterpix.de\/index.php\/wp-json\/wp\/v2\/pages\/11\/revisions\/1549"}],"wp:attachment":[{"href":"https:\/\/zamonien.posterpix.de\/index.php\/wp-json\/wp\/v2\/media?parent=11"}],"curies":[{"name":"wp","href":"https:\/\/api.w.org\/{rel}","templated":true}]}}